In base 16, what is -27 + 2?
-25
In base 5, what is -114 - 4?
-123
In base 14, what is -20 + 3?
-1b
In base 8, what is 3532 + 14?
3546
In base 10, what is 6 - -4?
10
In base 16, what is 9f - -5?
a4
In base 12, what is 1 - -653?
654
In base 14, what is 4 - 15?
-11
In base 13, what is 45 - -3?
48
In base 10, what is 101 - -4?
105
In base 2, what is 11001 - 1000010100?
-111111011
In base 5, what is -43 - -11?
-32
In base 14, what is -1cd5 - 4?
-1cd9
In base 4, what is -1210212 + 10?
-1210202
In base 11, what is 3 + 65a?
662
In base 12, what is 3 + -1636?
-1633
In base 4, what is 10111002 + -10?
10110332
In base 10, what is -4 - -901?
897
In base 12, what is -2 - -b36?
b34
In base 2, what is 10000110101 + -101?
10000110000
In base 9, what is -3 + -340?
-343
In base 12, what is 5 + -729?
-724
In base 11, what is 79 - -1?
7a
In base 12, what is 5 + -48b?
-486
In base 15, what is -21 + 26d?
24c
In base 16, what is 15 - -b3?
c8
In base 7, what is -3 + -1550?
-1553
In base 9, what is -2310 - 5?
-2315
In base 3, what is -10120 - -12?
-10101
In base 5, what is 4 + -1123?
-1114
In base 6, what is -1202 + 4?
-1154
In base 13, what is -1 - 76?
-77
In base 8, what is -3 + 463?
460
In base 9, what is 1 - 1543?
-1542
In base 12, what is -16a + b?
-15b
In base 13, what is -b02 - -1?
-b01
In base 11, what is 752 - 13?
73a
In base 10, what is -2 + 14?
12
In base 14, what is 623c - -1?
623d
In base 14, what is 1a0 + 5?
1a5
In base 2, what is -1001111100 - 11?
-1001111111
In base 10, what is 243 + -5?
238
In base 15, what is 0 + -5d9?
-5d9
In base 10, what is -5 - -14?
9
In base 15, what is -c - -1?
-b
In base 5, what is -4 + 212?
203
In base 12, what is -19aa - -3?
-19a7
In base 11, what is -5 - -19a?
195
In base 11, what is -5aa + -17?
-616
In base 12, what is 31 - -2?
33
In base 6, what is -5 - 43?
-52
In base 7, what is -3 + -52?
-55
In base 4, what is -132321 - 0?
-132321
In base 9, what is -2 - 447?
-450
In base 5, what is 340 - 1?
334
In base 11, what is -84 + 13?
-71
In base 7, what is 5 + -250?
-242
In base 5, what is -433 + 10?
-423
In base 16, what is 38 - -71?
a9
In base 16, what is 2 - 668?
-666
In base 15, what is 9 - 41?
-37
In base 8, what is -15 - -42?
25
In base 13, what is 45 - 4?
41
In base 14, what is -3 - -18?
15
In base 13, what is -1 - 34?
-35
In base 6, what is -4 + -421?
-425
In base 7, what is 5 - -1244?
1252
In base 2, what is 11010111101 + 11?
11011000000
In base 10, what is -297 + 5?
-292
In base 14, what is -65c - 4?
-662
In base 15, what is -c - 1d?
-2a
In base 10, what is 122 - -16?
138
In base 14, what is 11 - -67?
78
In base 5, what is -3021 - 4?
-3030
In base 10, what is -30 - -106?
76
In base 11, what is -2 + 5?
3
In base 2, what is -101000011000 - 100?
-101000011100
In base 9, what is 0 - -41?
41
In base 10, what is -1 + -192?
-193
In base 9, what is -1251 + -3?
-1254
In base 2, what is -11 + -1110000?
-1110011
In base 6, what is -125 + -2?
-131
In base 9, what is -6 + 702?
685
In base 15, what is 0 + 49?
49
In base 13, what is 18a5 - 1?
18a4
In base 4, what is 100203 - -2?
100211
In base 14, what is 4 - 49?
-45
In base 6, what is 0 - 1025?
-1025
In base 5, what is 1332 + -3?
1324
In base 12, what is -382 - -2?
-380
In base 11, what is -5 - -77?
72
In base 9, what is 300 - 3?
286
In base 3, what is 102 - 11?
21
In base 2, what is -111101 + 10100111?
1101010
In base 11, what is -4 - -294?
290
In base 12, what is -3 + -146?
-149
In base 13, what is 4a9c + 3?
4aa2
In base 5, what is 3 - -212?
220
In base 16, what is 417 + -2?
415
In base 11, what is 8 - 527?
-51a
In base 2, what is 101001001101 + 10?
101001001111
In base 12, what is 70 + -6b?
1
In base 13, what is 3 - 3b8?
-3b5
In base 9, what is -2 - -5338?
5336
In base 13, what is 2 - 5c4?
-5c2
In base 7, what is 1 - -262?
263
In base 4, what is -130 - -211?
21
In base 12, what is -4 + b26?
b22
In base 8, what is 0 + -201?
-201
In base 7, what is -604 + 3?
-601
In base 9, what is 5 - 164?
-158
In base 8, what is -347 - -24?
-323
In base 5, what is -100 - -21?
-24
In base 15, what is -1 - -2ad?
2ac
In base 6, what is 3 - 420?
-413
In base 6, what is 3 + 154?
201
In base 4, what is 13 + -13212?
-13133
In base 11, what is 10 - -87?
97
In base 9, what is 0 + 1343?
1343
In base 6, what is -430 - -4?
-422
In base 6, what is 414 - 12?
402
In base 6, what is -4453 + 4?
-4445
In base 11, what is -5 - -373?
369
In base 7, what is 5624 - 5?
5616
In base 14, what is 1 + -1db?
-1da
In base 3, what is -10 + 1210120?
1210110
In base 10, what is -446 - 1?
-447
In base 12, what is 13 + -16?
-3
In base 6, what is 0 + 3452?
3452
In base 14, what is -1 + 70?
6d
In base 6, what is -3 + -22?
-25
In base 11, what is -20 - -13?
-8
In base 16, what is -936 + 5?
-931
In base 9, what is 248 + -3?
245
In base 7, what is 4 - 45?
-41
In base 12, what is -777 - 5?
-780
In base 14, what is -4 + aac?
aa8
In base 4, what is -11 + -103332?
-110003
In base 13, what is 354 + -5?
34c
In base 9, what is -7 + -601?
-608
In base 6, what is -11250 + -1?
-11251
In base 3, what is 1112 + -10?
1102
In base 12, what is 21 + -119?
-b8
In base 16, what is 3 + b6?
b9
In base 9, what is 13 + 10?
23
In base 5, what is -1 + -12?
-13
In base 5, what is -2404 + -4?
-2413
In base 11, what is 1472 + -5?
1468
In base 4, what is 10 - -123?
133
In base 8, what is -367 - 6?
-375
In base 5, what is -1130 - 1?
-1131
In base 6, what is 3 - 21132?
-21125
In base 4, what is -103212 - 10?
-103222
In base 14, what is -3 - 2d?
-32
In base 9, what is 767 + -4?
763
In base 7, what is 2514 - 10?
2504
In base 15, what is e53 + -1?
e52
In base 4, what is -10 + 133?
123
In base 3, what is -2 + 102012?
102010
In base 7, what is -62404 - -4?
-62400
In base 11, what is -10976 + -1?
-10977
In base 7, what is -3065 - 1?
-3066
In base 11, what is -978 + 15?
-963
In base 5, what is -11240 + 1?
-11234
In base 6, what is 12 - 40?
-24
In base 13, what is c1 + -3?
bb
In base 6, what is -31 - 130?
-201
In base 4, what is -12011 - 13?
-12030
In base 4, what is 100 - -11031?
11131
In base 8, what is 7 + -30?
-21
In base 2, what is -111001110 + 0?
-111001110
In base 10, what is 153 + 3?
156
In base 9, what is -4 + -207?
-212
In base 10, what is 162 + -2?
160
In base 3, what is -10211 + -222?
-11210
In base 15, what is -a - 18?
-23
In base 11, what is 97 + 11?
a8
In base 16, what is 1d - 3d?
-20
In base 3, what is -12022 - 11?
-12110
In base 9, what is -21 - 134?
-155
In base 12, what is -223 - 5?
-228
In base 2, what is -1110011 + -1?
-1110100
In base 16, what is 2 - 74?
-72
In base 2, what is 1 - 10010100?
-10010011
In base 15, what is 0 - 15?
-15
In base 10, what is 42 + 2?
44
In base 14, what is -147 - 4?
-14b
In base 5, what is -43 + -13?
-111
In base 10, what is 12303 - 4?
12299
In base 8, what is 417 + -1?
416
In base 3, what is -12 - -11120?
11101
In base 4, what is 10110 + -13?
10031
In base 8, what is -254 + 3?
-251
In base 4, what is 1000 + -32?
302
In base 11, what is 18a - 3?
187
In base 5, what is 113 - 12?
101
In base 4, what is -200 + -110?
-310
In base 6, what is 105 + -32?
33
In base 12, what is 0 + 8?
8
In base 2, what is 111000 - 1001?
101111
In base 12, what is -187 - -45?
-142
In base 7, what is -1513 - 5?
-1521
In base 6, what is -21412 + -2?
-21414
In base 2, what is -1000 - -1101000011?
1100111011
In base 15, what is -7 + -2?
-9
In base 9, what is -5 - 44?
-50
In base 5, what is -121 - 42?
-213
In base 13, what is 19b + -5?
196
In base 2, what is 10 - -1100100011101?
1100100011111
In base 7, what is 251 - 40?
211
In base 7, what is 30 - 6?
21
In base 3, what is -22101 + 1211?
-20120
In base 5, what is -30120 + -24?
-30144
In base 9, what is -2 + 278?
276
In base 14, what is -3 - b6?
-b9
In base 12, what is -5 + 164?
15b
In base 13, what is -1526 - -5?
-1521
In base 2, what is -11011101 - -10101?
-11001000
In base 6, what is 3 - 134?
-131
In base 14, what is 17 + -70?
-57
In base 12, what is 7 + 7b?
86
In base 4, what is -100 - -131013?
130313
In base 15, what is 0 - -7d?
7d
In base 4, what is -13 + -21?
-100
In base 15, what is 0 + 1c?
1c
In base 9, what is 2 + 16?
18
In base 13, what is -1555 - -5?
-1550
In base 3, what is -1022 - 2?
-1101
In base 8, what is 0 - 25?
-25
In base 8, what is -3 - 3?
-6
In base 10, what is 5 + -6266?
-6261
